rime factors of 7418.
2, 3709
What are the prime factors of 19989?
3, 2221
What are the prime factors of 1299?
3, 433
What are the prime factors of 17982?
2, 3, 37
List the prime factors of 7504.
2, 7, 67
What are the prime factors of 27029?
151, 179
List the prime factors of 115689.
3, 7, 787
What are the prime factors of 57151?
67, 853
What are the prime factors of 975?
3, 5, 13
List the prime factors of 2567.
17, 151
What are the prime factors of 2959?
11, 269
What are the prime factors of 1866?
2, 3, 311
What are the prime factors of 868?
2, 7, 31
What are the prime factors of 2710?
2, 5, 271
List the prime factors of 2773.
47, 59
What are the prime factors of 28388?
2, 47, 151
List the prime factors of 351.
3, 13
List the prime factors of 10169.
10169
List the prime factors of 23219.
7, 31, 107
List the prime factors of 42821.
42821
What are the prime factors of 28333?
29, 977
What are the prime factors of 51514?
2, 43, 599
List the prime factors of 7197.
3, 2399
List the prime factors of 2368.
2, 37
What are the prime factors of 63767?
11, 17, 31
List the prime factors of 1495.
5, 13, 23
List the prime factors of 1274.
2, 7, 13
What are the prime factors of 299?
13, 23
What are the prime factors of 34?
2, 17
What are the prime factors of 13737?
3, 19, 241
List the prime factors of 2484.
2, 3, 23
What are the prime factors of 377?
13, 29
What are the prime factors of 23826?
2, 3, 11, 19
What are the prime factors of 79579?
79579
List the prime factors of 1855.
5, 7, 53
What are the prime factors of 89294?
2, 44647
List the prime factors of 71188.
2, 13, 37
List the prime factors of 11335.
5, 2267
What are the prime factors of 70424?
2, 8803
List the prime factors of 4466.
2, 7, 11, 29
List the prime factors of 27891.
3, 1033
List the prime factors of 21877.
131, 167
What are the prime factors of 1322?
2, 661
What are the prime factors of 146632?
2, 18329
What are the prime factors of 141980?
2, 5, 31, 229
List the prime factors of 10122.
2, 3, 7, 241
List the prime factors of 13209.
3, 7, 17, 37
List the prime factors of 1758.
2, 3, 293
What are the prime factors of 6398?
2, 7, 457
List the prime factors of 5097.
3, 1699
What are the prime factors of 13259?
13259
List the prime factors of 34503.
3, 7, 31, 53
What are the prime factors of 2425?
5, 97
What are the prime factors of 13593?
3, 23, 197
List the prime factors of 1629.
3, 181
List the prime factors of 26169.
3, 11, 13, 61
What are the prime factors of 972?
2, 3
List the prime factors of 2712.
2, 3, 113
What are the prime factors of 1462?
2, 17, 43
List the prime factors of 2694.
2, 3, 449
What are the prime factors of 2409?
3, 11, 73
What are the prime factors of 1804?
2, 11, 41
List the prime factors of 33.
3, 11
What are the prime factors of 19382?
2, 11, 881
What are the prime factors of 4770?
2, 3, 5, 53
What are the prime factors of 5493?
3, 1831
What are the prime factors of 156?
2, 3, 13
List the prime factors of 27034.
2, 7, 1931
What are the prime factors of 52626?
2, 3, 7, 179
List the prime factors of 71351.
7, 10193
List the prime factors of 15737.
15737
What are the prime factors of 725?
5, 29
List the prime factors of 18642.
2, 3, 13, 239
What are the prime factors of 10873?
83, 131
List the prime factors of 41.
41
What are the prime factors of 23839?
31, 769
List the prime factors of 5405.
5, 23, 47
What are the prime factors of 8752?
2, 547
What are the prime factors of 3664?
2, 229
List the prime factors of 75921.
3, 25307
What are the prime factors of 65815?
5, 13163
What are the prime factors of 7218?
2, 3, 401
What are the prime factors of 49830?
2, 3, 5, 11, 151
List the prime factors of 1367.
1367
List the prime factors of 80115.
3, 5, 7, 109
What are the prime factors of 993?
3, 331
What are the prime factors of 91837?
91837
List the prime factors of 2875.
5, 23
What are the prime factors of 47049?
3, 15683
List the prime factors of 187.
11, 17
What are the prime factors of 3336?
2, 3, 139
List the prime factors of 21145.
5, 4229
What are the prime factors of 114?
2, 3, 19
What are the prime factors of 1731?
3, 577
List the prime factors of 29575.
5, 7, 13
List the prime factors of 3436.
2, 859
What are the prime factors of 2552?
2, 11, 29
List the prime factors of 11152.
2, 17, 41
What are the prime factors of 261?
3, 29
List the prime factors of 513.
3, 19
List the prime factors of 25899.
3, 89, 97
List the prime factors of 525.
3, 5, 7
List the prime factors of 6542.
2, 3271
What are the prime factors of 2156?
2, 7, 11
List the prime factors of 1738.
2, 11, 79
List the prime factors of 15188.
2, 3797
List the prime factors of 1481.
1481
List the prime factors of 719.
719
List the prime factors of 2885.
5, 577
What are the prime factors of 137?
137
List the prime factors of 2521.
2521
List the prime factors of 62321.
7, 29, 307
What are the prime factors of 154952?
2, 7, 2767
What are the prime factors of 32558?
2, 73, 223
List the prime factors of 1615.
5, 17, 19
What are the prime factors of 2725?
5, 109
What are the prime factors of 15069?
3, 5023
List the prime factors of 62426.
2, 7, 13
List the prime factors of 15337.
7, 313
List the prime factors of 10600.
2, 5, 53
What are the prime factors of 3094?
2, 7, 13, 17
List the prime factors of 50820.
2, 3, 5, 7, 11
List the prime factors of 119738.
2, 19, 23, 137
List the prime factors of 33812.
2, 79, 107
What are the prime factors of 1058?
2, 23
What are the prime factors of 20853?
3, 7, 331
What are the prime factors of 13339?
13339
What are the prime factors of 521?
521
What are the prime factors of 19518?
2, 3, 3253
What are the prime factors of 2402?
2, 1201
List the prime factors of 331.
331
List the prime factors of 1088.
2, 17
List the prime factors of 53757.
3, 11, 181
List the prime factors of 12469.
37, 337
What are the prime factors of 21951?
3, 271
List the prime factors of 45083.
45083
List the prime factors of 86640.
2, 3, 5, 19
List the prime factors of 2228.
2, 557
What are the prime factors of 7191?
3, 17, 47
List the prime factors of 2415.
3, 5, 7, 23
List the prime factors of 805.
5, 7, 23
List the prime factors of 272.
2, 17
What are the prime factors of 165?
3, 5, 11
List the prime factors of 2218.
2, 1109
What are the prime factors of 13303?
53, 251
What are the prime factors of 114208?
2, 43, 83
List the prime factors of 8040.
2, 3, 5, 67
What are the prime factors of 619?
619
List the prime factors of 25463.
25463
List the prime factors of 67944.
2, 3, 19, 149
List the prime factors of 315.
3, 5, 7
List the prime factors of 14368.
2, 449
What are the prime factors of 1375?
5, 11
What are the prime factors of 3349?
17, 197
List the prime factors of 7043.
7043
What are the prime factors of 3457?
3457
List the prime factors of 250.
2, 5
List the prime factors of 6828.
2, 3, 569
What are the prime factors of 47194?
2, 7, 3371
What are the prime factors of 1372?
2, 7
What are the prime factors of 3943?
3943
List the prime factors of 33900.
2, 3, 5, 113
List the prime factors of 4594.
2, 2297
List the prime factors of 1051.
1051
List the prime factors of 2952.
2, 3, 41
List the prime factors of 1867.
1867
What are the prime factors of 73?
73
List the prime factors of 67391.
67391
What are the prime factors of 837?
3, 31
List the prime factors of 682.
2, 11, 31
What are the prime factors of 148?
2, 37
What are the prime factors of 13895?
5, 7, 397
What are the prime factors of 5695?
5, 17, 67
What are the prime factors of 127988?
2, 7, 653
What are the prime factors of 104?
2, 13
List the prime factors of 14132.
2, 3533
What are the prime factors of 995?
5, 199
List the prime factors of 1241.
17, 73
List the prime factors of 4401.
3, 163
What are the prime factors of 79?
79
What are the prime factors of 40348?
2, 7, 11, 131
What are the prime factors of 97989?
3, 89, 367
List the prime factors of 7142.
2, 3571
List the prime factors of 4204.
2, 1051
What are the prime factors of 9853?
59, 167
What are the prime factors of 146764?
2, 36691
List the prime factors of 3336.
2, 3, 139
List the prime factors of 3142.
2, 1571
List the prime factors of 36172.
2, 9043
What are the prime factors of 76645?
5, 15329
What are the prime factors of 9495?
3, 5, 211
What are the prime factors of 